t the prime factors of 78225661.
1613, 48497
What are the prime factors of 387350634?
2, 3, 11, 1151, 5099
What are the prime factors of 526718603?
526718603
List the prime factors of 4958388461.
13, 23, 16583239
List the prime factors of 365131298.
2, 7, 26080807
List the prime factors of 100510217.
59, 1703563
What are the prime factors of 109487551?
37, 389, 7607
List the prime factors of 840326911.
59, 61, 233489
What are the prime factors of 1255967190?
2, 3, 5, 73, 149, 1283
What are the prime factors of 32680989?
3, 11, 43, 853
What are the prime factors of 3314078872?
2, 13, 17, 41, 131, 349
What are the prime factors of 73877597?
17, 4345741
List the prime factors of 3227083704.
2, 3, 13, 3447739
List the prime factors of 42141546.
2, 3, 86711
List the prime factors of 1097535341.
7, 149, 1052287
What are the prime factors of 852885853?
29, 37, 27409
What are the prime factors of 1033106731?
73, 1493, 9479
What are the prime factors of 4162501?
7, 17, 19, 263
List the prime factors of 122800635.
3, 5, 137, 19919
What are the prime factors of 186162645?
3, 5, 12410843
List the prime factors of 1500492172.
2, 181, 617, 3359
What are the prime factors of 274682661?
3, 11, 31, 268507
List the prime factors of 235302039.
3, 7, 3734953
What are the prime factors of 1139070332?
2, 284767583
What are the prime factors of 243374380?
2, 5, 17, 29, 24683
List the prime factors of 704964200.
2, 5, 3524821
What are the prime factors of 606002356?
2, 151500589
What are the prime factors of 129822023?
129822023
What are the prime factors of 5515439?
5515439
List the prime factors of 18635823.
3, 389, 5323
List the prime factors of 651685634.
2, 23, 14167079
What are the prime factors of 18449641?
7, 17, 197, 787
What are the prime factors of 235180930?
2, 5, 103, 228331
What are the prime factors of 2613679558?
2, 7, 19, 127, 77369
List the prime factors of 343898093.
7, 11, 23, 127, 139
List the prime factors of 2702665539.
3, 7, 42899453
List the prime factors of 241191472.
2, 19, 43, 18451
What are the prime factors of 105268273?
11, 887, 10789
What are the prime factors of 1915269846?
2, 3, 7, 23, 1982681
List the prime factors of 51213872.
2, 863, 3709
What are the prime factors of 55170734?
2, 27585367
List the prime factors of 1515716417.
43, 1747, 20177
What are the prime factors of 287424672?
2, 3, 907, 3301
List the prime factors of 354027616.
2, 211, 52433
List the prime factors of 1752268396.
2, 438067099
List the prime factors of 2337437229.
3, 47, 16577569
What are the prime factors of 1844486659?
47, 127, 309011
What are the prime factors of 3379228910?
2, 5, 337922891
What are the prime factors of 38324431?
38324431
What are the prime factors of 173589961?
89, 1950449
What are the prime factors of 83928124?
2, 7, 149, 20117
What are the prime factors of 255281346?
2, 3, 47, 301751
What are the prime factors of 2825288279?
11, 13183, 19483
What are the prime factors of 59427919?
227, 389, 673
List the prime factors of 2917236008.
2, 364654501
List the prime factors of 327187712.
2, 17, 75181
List the prime factors of 2644586246.
2, 1322293123
What are the prime factors of 1881596287?
149, 12628163
What are the prime factors of 380205243?
3, 11, 73, 52609
List the prime factors of 58171072.
2, 73, 12451
List the prime factors of 181725975.
3, 5, 19, 42509
What are the prime factors of 2020912007?
157, 241, 53411
What are the prime factors of 78009281?
7, 727, 15329
List the prime factors of 172272650.
2, 5, 11, 103, 3041
What are the prime factors of 635841091?
4673, 136067
What are the prime factors of 1024610701?
19, 53926879
What are the prime factors of 787602180?
2, 3, 5, 17, 772159
What are the prime factors of 1363841927?
7, 194834561
List the prime factors of 1018442964.
2, 3, 7, 11, 97, 1033
List the prime factors of 27205109.
197, 701
List the prime factors of 23029798.
2, 11, 17, 139, 443
List the prime factors of 66002924.
2, 13, 1269287
List the prime factors of 26915813.
277, 97169
What are the prime factors of 1423522324?
2, 7, 829, 8761
List the prime factors of 4488609262.
2, 9181, 244451
What are the prime factors of 17628562?
2, 7, 673, 1871
List the prime factors of 48643711.
48643711
What are the prime factors of 18003852?
2, 3, 500107
List the prime factors of 564547909.
71, 73, 108923
List the prime factors of 3201299788.
2, 163, 4909969
List the prime factors of 30634055.
5, 83, 97, 761
What are the prime factors of 46707102?
2, 3, 13, 199603
What are the prime factors of 104689289?
449, 233161
What are the prime factors of 17492170?
2, 5, 1749217
What are the prime factors of 132747745?
5, 13, 2042273
List the prime factors of 101362740.
2, 3, 5, 1689379
List the prime factors of 73318813.
31, 577, 4099
What are the prime factors of 45237503?
1559, 29017
What are the prime factors of 37851895?
5, 19, 398441
List the prime factors of 2347552624.
2, 31, 79, 181, 331
List the prime factors of 174190841.
11, 19, 833449
List the prime factors of 37423605.
3, 5, 137, 18211
What are the prime factors of 62919581?
173, 367, 991
List the prime factors of 6409783.
19, 29, 11633
List the prime factors of 3174029805.
3, 5, 487, 434501
What are the prime factors of 3404602940?
2, 5, 101, 1685447
What are the prime factors of 92595395?
5, 3323, 5573
What are the prime factors of 23569175?
5, 7, 134681
What are the prime factors of 935598365?
5, 13, 1107217
List the prime factors of 1467346548.
2, 3, 23, 97, 2383
What are the prime factors of 2116878115?
5, 11, 38488693
What are the prime factors of 4091554989?
3, 454617221
List the prime factors of 393094359.
3, 7, 311, 20063
List the prime factors of 3649003.
3649003
What are the prime factors of 71241748?
2, 29, 614153
What are the prime factors of 924923639?
349, 2650211
What are the prime factors of 199912896?
2, 3, 347071
What are the prime factors of 112281115?
5, 22456223
List the prime factors of 12192806.
2, 23, 401, 661
List the prime factors of 103308014.
2, 17, 61, 49811
List the prime factors of 6349116.
2, 3, 19, 27847
List the prime factors of 213905057.
213905057
What are the prime factors of 215536100?
2, 5, 13, 37, 4481
List the prime factors of 89855151.
3, 1327, 22571
List the prime factors of 1744074450.
2, 3, 5, 1291907
What are the prime factors of 1437254498?
2, 23, 263, 118801
What are the prime factors of 482068737?
3, 103, 520031
What are the prime factors of 8530220858?
2, 1601, 2664029
List the prime factors of 2303138986.
2, 31, 59, 629617
What are the prime factors of 2393277054?
2, 3, 7, 857, 66491
What are the prime factors of 3868905584?
2, 337, 717527
List the prime factors of 21211418.
2, 1511, 7019
List the prime factors of 387231199.
31, 12491329
What are the prime factors of 895471913?
7, 2417, 7561
List the prime factors of 3430359675.
3, 5, 71, 214733
What are the prime factors of 61225700?
2, 5, 61, 10037
List the prime factors of 1179879136.
2, 71, 631, 823
List the prime factors of 204386243.
204386243
List the prime factors of 45641064.
2, 3, 7, 107, 2539
What are the prime factors of 17075351?
17075351
What are the prime factors of 906942095?
5, 17, 23, 53, 8753
What are the prime factors of 221627454?
2, 3, 29, 1273721
List the prime factors of 7730686.
2, 53, 72931
List the prime factors of 107805424.
2, 6737839
What are the prime factors of 14251839?
3, 7, 678659
What are the prime factors of 2241774670?
2, 5, 224177467
What are the prime factors of 977981480?
2, 5, 7, 3492791
List the prime factors of 5231600503.
47, 111310649
What are the prime factors of 190849339?
1619, 117881
List the prime factors of 25122048.
2, 3, 7, 4673
List the prime factors of 4769092.
2, 947, 1259
What are the prime factors of 582070904?
2, 601, 121063
List the prime factors of 9893191.
7, 11, 128483
List the prime factors of 3744012684.
2, 3, 37, 8432461
What are the prime factors of 21554800?
2, 5, 53887
What are the prime factors of 3928319065?
5, 11, 19, 439, 8563
What are the prime factors of 330812325?
3, 5, 19, 77383
List the prime factors of 133080532.
2, 13, 103, 24847
What are the prime factors of 53073081?
3, 109, 54101
List the prime factors of 118190189.
13, 9091553
What are the prime factors of 362399771?
59, 191, 32159
What are